s - 0. Calculate the remainder when 2 is divided by s.
0
Suppose -72 = -3*l + 4*i - 5*i, -2*i = 0. What is the remainder when l is divided by 13?
11
Let c(j) = 2*j**2 + j + 7. What is the remainder when c(-7) is divided by 33?
32
Suppose 0 = 5*x - 72 + 17. Let w(m) = m**3 + 7*m**2 + 8*m - 6. Let d be w(-6). Let h = -12 - d. What is the remainder when x is divided by h?
5
Let u = 29 - 9. Suppose -2*z + u = -0*z. Calculate the remainder when 17 is divided by z.
7
Let l = -188 - -379. Suppose -2 - 10 = -3*p, -l = -5*u - 4*p. What is the remainder when u is divided by 18?
17
Let w = 146 + -140. Calculate the remainder when 90/4 - 3/(-6) is divided by w.
5
Let l = 74 - 46. Calculate the remainder when 51 is divided by l.
23
Suppose 3*m + 8 - 29 = 0. Suppose 0*h - 4*h + 4 = 0. What is the remainder when 26/(-1 + h + 2) is divided by m?
6
Suppose 34 = 3*m - 5. Calculate the remainder when m is divided by 5.
3
Let v = -143 - -262. Calculate the remainder when v is divided by 15.
14
Let h(g) = -4*g + 4. What is the remainder when h(-18) is divided by 13?
11
Suppose -5*i = 4*p - 17, -5*p + i + i = -13. Suppose 0 = -2*a - p*a + 125. Calculate the remainder when a is divided by 14.
11
Suppose 2*v - 214 + 60 = 0. Calculate the remainder when v is divided by 27.
23
Let r(l) = -l - 1. Let w(f) = f**2 + f + 3. Let i(q) = 4*r(q) + w(q). Let p be i(4). Suppose -4 - p = -x. What is the remainder when 20 is divided by x?
6
Suppose 5*v + 2*t - 73 + 5 = 0, -5*t = -5*v + 75. Suppose -4*u = -5*b + 196, -2*b + 2*u = 4*u - 82. What is the remainder when b is divided by v?
12
Suppose 0 = -3*r - 4*r + 315. Calculate the remainder when r is divided by 23.
22
Let u(r) = -r - 1. Let v(m) = -3*m + 6. Let s(f) = -2*u(f) - v(f). Let x = 6 - 3. What is the remainder when s(x) is divided by 6?
5
Let k(n) = -n**2 - 7*n + 16. Calculate the remainder when 15 is divided by k(-8).
7
Suppose -3 - 9 = -4*p. Suppose 2*g - l - 2*l - 5 = 0, p*l = 3*g - 12. Suppose 0*k = 5*k - 15. What is the remainder when g is divided by k?
1
Suppose 11*x = 6*x + 295. What is the remainder when x is divided by 16?
11
Calculate the remainder when (-87)/9*-15 + (-9)/3 is divided by 16.
14
Suppose -s + 128 = 3*s. What is the remainder when s is divided by 7?
4
Suppose 2*i - i - 65 = -4*c, -4*i + 4*c + 360 = 0. What is the remainder when i is divided by 22?
19
Let a(r) = -r**3 + 3*r**2 + 3. Let z be a(3). Suppose 2*w - z*w = 10. Let i = w + 26. What is the remainder when i is divided by 9?
7
Let r = 135 - 125. What is the remainder when 127 is divided by r?
7
Suppose b = -0*b + 9. Suppose -5*r + b + 6 = 0. Calculate the remainder when 5 is divided by r.
2
What is the remainder when -1 - -2 - (-260)/5 is divided by 14?
11
Let q(j) = 22 + j + 0*j + 0*j. Calculate the remainder when q(-11) is divided by (-16)/6*(-6)/4.
3
Suppose 2*g - 49 = -5*k, -5*g = -9 - 1. What is the remainder when 25 is divided by k?
7
Suppose -2*r - 5 = 2*q - 1, 2*q = -r - 5. What is the remainder when 2 is divided by r?
0
Let x = -16 - -84. What is the remainder when x is divided by 14?
12
Let r = 2 + 0. Suppose -2*v = -3*c + 95, 0*v + 27 = c + 4*v. What is the remainder when c is divided by r*2*22/8?
9
Let v(g) = 2 + g**3 + 0 - g + 0*g + 3*g**2 + 4*g**2. What is the remainder when v(-7) is divided by 2?
1
Suppose 0 = 7*u - 5*u - 32. What is the remainder when 46 is divided by u?
14
Let m be (0 - 1)*-7 - 3. Let l = m + 9. What is the remainder when 24 is divided by l?
11
Let m = -46 + 80. Let h = m + -15. Calculate the remainder when h is divided by ((-1)/2)/((-1)/14).
5
Suppose 4*r - 14 = 106. What is the remainder when r is divided by 13?
4
Suppose 5 = -4*k + 17. Suppose 4*b - 12 = 2*s, 0 = -0*s - k*s + 6. Let g = 70 - 64. Calculate the remainder when g is divided by b.
2
Calculate the remainder when 8 is divided by 4/(1 + (-4)/(-12)).
2
Suppose 4*g + 14 = 5*b - 28, 36 = 4*b - 2*g. What is the remainder when 58 is divided by b?
8
Let c(p) = -p**3 + 3*p**2 + 3*p - 3. Let j be c(3). What is the remainder when j/4 - 726/(-12) is divided by 21?
20
Suppose -94 = -5*n + 76. What is the remainder when n is divided by 9?
7
Let l(x) = -2*x + 34. What is the remainder when l(-6) is divided by 16?
14
Let s(c) be the third derivative of c**4/12 - c**3/6 + c**2. What is the remainder when (2 - 0)/((-1)/(-19)) is divided by s(7)?
12
Let y = -3 - -21. What is the remainder when 68 is divided by y?
14
Suppose -3*o - o = -52. What is the remainder when 23 is divided by o?
10
Suppose 0 = -5*y + 3*y - 2. Let x be 0 - (1 + 1)*y. Suppose x*g - 23 = -8*j + 3*j, -g = -4*j + 8. What is the remainder when 7 is divided by g?
3
Suppose 0 = 2*g + 2 - 4. Let r(i) = 5*i**3. What is the remainder when 14 is divided by r(g)?
4
Suppose -4*a = -516 - 172. What is the remainder when a is divided by 35?
32
Suppose -2*j = 2*j - 44. What is the remainder when ((-1)/(-1))/(1/j) is divided by 5/(-15)*18/(-1)?
5
What is the remainder when 24/156 + (-152)/(-26) is divided by 3?
0
Let n = 0 + 11. Let b = 19 - n. What is the remainder when b is divided by 3 + 0 + (4 - 2)?
3
Suppose -5*h - 5*g - 60 = -3*g, h - g + 12 = 0. Let o = h + 29. Let m = -26 - -59. What is the remainder when m is divided by o?
16
Let a = 0 - 14. Let i = -8 - a. Calculate the remainder when 8 is divided by i.
2
Suppose 4*u + 4*k = 12, 3*u + 3*k - 10 = k. What is the remainder when 11 is divided by u?
3
Let n = 76 - -20. What is the remainder when n is divided by 20?
16
Let n be 7 - 3 - (2 - 1). Let c be (-1)/n + 60/18. Suppose 8*f - 90 = c*f. What is the remainder when 52 is divided by f?
16
Suppose -4*f + k + 0*k + 24 = 0, -5*k + 20 = 0. What is the remainder when 53 is divided by f?
4
Let v be ((-4)/(-3))/(20/210). Suppose -v = n - 3*n. What is the remainder when 18 is divided by n?
4
Let x be -2 - (1 - -1 - 3). Let m be -2*(2/(-2) + x). Suppose m*l - 16 - 28 = 0. Calculate the remainder when l is divided by 6.
5
Let k(y) = 13*y + 3. What is the remainder when k(2) is divided by 8?
5
Suppose -7 - 25 = -2*s. Let a(d) = -4*d - 5. What is the remainder when a(-13) is divided by s?
15
Let y = 52 + -37. What is the remainder when y is divided by 8?
7
Suppose 3*s - 41 = -3*o + 2*o, 46 = 3*s - 4*o. Calculate the remainder when 69 is divided by s.
13
Suppose j - h = 6*j - 290, 4*j + 5*h - 232 = 0. What is the remainder when j is divided by 20?
18
Let o(n) = n**3 + 9*n**2 - 3*n + 9. Calculate the remainder when o(-9) is divided by 13.
10
Let r(n) = -n - 1. Let o be r(-3). Suppose i = -3*v + o, -2*v = i + 3*i - 8. Let w(j) = 2*j**3 - 2*j**2 + 1. Calculate the remainder when i is divided by w(1).
0
Suppose 5*q = 160 - 15. What is the remainder when 52 is divided by q?
23
Suppose -3*p - 4*m = -2*m + 4, 5*p - 4*m = 8. Suppose j - 2 = -p. Calculate the remainder when 2 is divided by j.
0
Let d = 15 + -9. What is the remainder when 21 is divided by d?
3
Let f be 5 + (2*-1 - -2). Suppose 0*t = f*y + 2*t - 87, -3*t = y - 20. Suppose 0 = -4*j + 7 + 29. What is the remainder when y is divided by j?
8
Suppose t = -3*t + 232. Suppose 37 - 13 = 2*s. What is the remainder when t is divided by s?
10
Let x = 31 + -21. Suppose -f + 2*y - x = 6*y, -y = 3. Calculate the remainder when f is divided by 2.
0
Suppose -4 - 18 = -g. What is the remainder when -1 + g + -1 + -1 is divided by -3 - (-20)/8*4?
5
Let c be ((-11)/5 - -3)*5. Let h(g) = 2*g**3 - 2*g**2 - 3*g - 5. What is the remainder when h(c) is divided by 20?
19
Suppose z - 2*z + 19 = 0. Calculate the remainder when 111 is divided by z.
16
What is the remainder when 35 is divided by 2/6 - 26/(-3)?
8
Let z(f) = -f + 31. Let c be z(15). Let i = 27 - c. Suppose -p = p - 62. Calculate the remainder when p is divided by i.
9
Suppose 0*t - 44 = -2*t. What is the remainder when 84 is divided by t?
18
Let c = 6 - 0. What is the remainder when 22 is divided by (-1)/(-2) + 33/c?
4
Let l = 28 + -14. What is the remainder when 23 is divided by l?
9
Let u = 11 + 1. Calculate the remainder when 22 is divided by u.
10
Let m = 1 + 1. Suppose -5*w + 0*w + 18 = -m*l, -12 = -4*w + l. Calculate the remainder when 2/(-6)*(-5 + -1) is divided by w.
0
Suppose 81 - 1 = 4*y. Calculate the remainder when ((-13)/(195/342))/(6/(-15)) is divided by y.
17
Suppose -2*h - 3*w + 61 = 0, 4*h + 28 = -w + 